
Calculate the greatest common divisor of 10569 and 20032049.
271
Calculate the greatest common divisor of 64749 and 716250.
573
Calculate the greatest common factor of 920 and 162832.
8
Calculate the highest common divisor of 3640 and 10629346.
182
What is the highest common divisor of 192 and 57906864?
48
What is the greatest common divisor of 232 and 21529832?
232
What is the greatest common factor of 141827315 and 70?
35
Calculate the highest common divisor of 1003428 and 4471308.
2052
What is the highest common factor of 653611 and 5243?
49
What is the highest common factor of 38830 and 14829210?
110
Calculate the highest common divisor of 306 and 154170.
18
Calculate the highest common factor of 112 and 618820272.
112
What is the greatest common divisor of 1784 and 59644918?
446
What is the highest common divisor of 1146660 and 2190?
30
Calculate the greatest common factor of 11417631 and 13939.
53
What is the highest common factor of 58959876 and 51?
51
Calculate the greatest common divisor of 711088 and 48071.
907
What is the greatest common factor of 47715 and 151628727?
9543
Calculate the greatest common factor of 14644934 and 76.
38
Calculate the greatest common factor of 142 and 262995715.
71
Calculate the highest common divisor of 3219 and 225765.
87
What is the greatest common divisor of 35504 and 6524?
28
Calculate the greatest common factor of 38880 and 8606400.
480
What is the greatest common factor of 20557 and 102419?
61
Calculate the highest common factor of 3905 and 87087.
11
Calculate the highest common divisor of 504616 and 560.
56
Calculate the greatest common divisor of 89625 and 3495.
15
Calculate the highest common divisor of 13574084 and 30848.
964
What is the highest common factor of 26 and 16958838?
26
Calculate the highest common factor of 18769773 and 55.
11
Calculate the highest common divisor of 560503590 and 58.
58
Calculate the greatest common divisor of 1638 and 49263318.
234
What is the greatest common factor of 1392 and 31800588?
348
Calculate the greatest common factor of 2123 and 4389785.
193
What is the greatest common divisor of 152 and 96858067?
19
What is the highest common factor of 419 and 2662414409?
419
Calculate the greatest common factor of 108004 and 13572.
52
What is the greatest common divisor of 5040 and 2180430?
630
Calculate the highest common factor of 1410 and 3505164.
6
What is the greatest common factor of 4992 and 84060?
12
Calculate the highest common divisor of 48 and 14023242.
6
Calculate the greatest common factor of 131141089 and 254.
127
What is the greatest common factor of 4661 and 30919573?
79
Calculate the highest common divisor of 4696 and 670235426.
1174
Calculate the highest common divisor of 120 and 310159215.
15
What is the highest common factor of 21461161 and 2258?
1129
What is the highest common divisor of 103174 and 98750?
158
Calculate the greatest common divisor of 93 and 26164434.
93
Calculate the greatest common factor of 256 and 48709664.
32
Calculate the greatest common divisor of 491743 and 77.
7
Calculate the greatest common divisor of 4450789 and 63560.
1589
Calculate the greatest common divisor of 2836974 and 3885.
21
What is the greatest common divisor of 126 and 330503607?
63
Calculate the highest common factor of 1023 and 263480439.
93
What is the greatest common factor of 104315418 and 270?
54
What is the greatest common divisor of 781680 and 1840?
80
What is the greatest common divisor of 374034 and 654?
6
What is the greatest common divisor of 1360 and 41845?
5
Calculate the greatest common factor of 454942 and 82.
2
Calculate the highest common factor of 8080182 and 7381.
671
What is the greatest common divisor of 2361186 and 22842?
846
What is the highest common divisor of 63189 and 3661953?
3009
What is the greatest common factor of 186410848 and 832?
416
What is the greatest common factor of 1334437 and 21229?
299
Calculate the greatest common factor of 276 and 11594944.
92
What is the highest common factor of 371444109 and 14334?
7167
What is the greatest common factor of 317578 and 58879?
97
Calculate the highest common factor of 2513 and 73717.
7
Calculate the greatest common factor of 35 and 111625570.
35
Calculate the highest common factor of 66 and 765414441.
33
What is the highest common divisor of 185879532 and 84?
12
Calculate the greatest common divisor of 109085424 and 525.
21
Calculate the greatest common factor of 2736 and 7846164.
684
What is the highest common divisor of 140 and 5017628?
28
Calculate the highest common divisor of 24 and 237828.
12
What is the greatest common divisor of 5164448 and 87588?
3244
What is the greatest common factor of 1074936 and 14856?
24
Calculate the highest common factor of 2014185303 and 117.
117
What is the highest common divisor of 117382 and 1751463?
3089
Calculate the highest common divisor of 641759 and 329069.
1489
What is the highest common divisor of 459 and 12148744?
17
What is the greatest common divisor of 29450 and 4961147?
589
Calculate the greatest common divisor of 346679355 and 5115.
5115
Calculate the greatest common divisor of 268749 and 1352.
13
Calculate the highest common factor of 5872596 and 1121.
19
Calculate the highest common divisor of 56931 and 467655633.
8133
Calculate the highest common factor of 111908 and 373396.
1108
What is the highest common divisor of 3029 and 1091129?
13
Calculate the highest common divisor of 190 and 48410955.
95
Calculate the greatest common factor of 3690435 and 75.
15
Calculate the greatest common factor of 15542715 and 15705.
5235
Calculate the highest common factor of 13362984 and 6324.
372
Calculate the highest common divisor of 522000 and 30125.
125
What is the greatest common divisor of 1072352 and 642537?
1457
Calculate the highest common divisor of 4192000 and 1834.
262
Calculate the highest common divisor of 33363027 and 29718.
1143
What is the greatest common factor of 1904 and 47019824?
272
What is the greatest common factor of 10 and 19290185?
5
Calculate the greatest common divisor of 39 and 52547417.
13
What is the greatest common divisor of 693 and 50583753?
99
Calculate the highest common divisor of 10984561 and 46669.
413
What is the highest common divisor of 10717392 and 10688?
2672
Calculate the greatest common factor of 552942 and 793611.
1989
What is the greatest common divisor of 24 and 19863528?
24
Calculate the highest common factor of 9990 and 10725930.
3330
What is the highest common factor of 1413 and 115248519?
1413
What is the highest common divisor of 13374 and 250196334?
4458
Calculate the highest common divisor of 297966620 and 140.
140
Calculate the highest common factor of 45 and 685874745.
45
What is the greatest common divisor of 781595672 and 13?
13
What is the highest common factor of 29550192 and 16?
16
Calculate the highest common divisor of 2297589 and 84.
21
Calculate the highest common divisor of 68676 and 2390739.
177
What is the highest common divisor of 55000093 and 259?
37
Calculate the greatest common divisor of 588 and 61872.
12
Calculate the highest common divisor of 23420661 and 4785.
957
Calculate the greatest common factor of 958629 and 144117.
717
What is the greatest common divisor of 560994 and 96810?
42
What is the highest common factor of 9651200 and 650?
650
What is the highest common factor of 9307144 and 2030?
406
What is the greatest common factor of 1761300 and 4050?
450
What is the greatest common divisor of 2652519 and 1234359?
933
Calculate the highest common factor of 113535 and 40018985.
4205
What is the highest common divisor of 837 and 871069?
31
What is the greatest common factor of 385840 and 703430?
910
What is the highest common factor of 3450231 and 2092?
523
Calculate the greatest common divisor of 255583004 and 8936.
4468
What is the greatest common divisor of 10955965 and 5?
5
What is the greatest common factor of 130695 and 990?
15
What is the highest common factor of 168887549 and 19651?
457
Calculate the highest common divisor of 68915 and 138565.
35
Calculate the greatest common factor of 10260 and 860220.
540
What is the greatest common divisor of 797264 and 248?
8
Calculate the highest common divisor of 127775 and 115425.
475
What is the greatest common